{"id":99,"date":"2020-06-04T16:56:12","date_gmt":"2020-06-04T16:56:12","guid":{"rendered":"http:\/\/perfectbody.ro\/?page_id=99"},"modified":"2023-12-05T12:01:26","modified_gmt":"2023-12-05T12:01:26","slug":"oxygenera-pro","status":"publish","type":"page","link":"https:\/\/perfectbody.ro\/index.php\/oxygenera-pro\/","title":{"rendered":"Oxygenera Pro"},"content":{"rendered":"<section class=\"elementor-section elementor-top-section elementor-element elementor-element-7e3b7cf elementor-section-boxed elementor-section-height-default elementor-section-height-default\" data-id=\"7e3b7cf\" data-element_type=\"section\">\n<div class=\"elementor-container elementor-column-gap-default\">\n<div class=\"elementor-row\">\n<div class=\"elementor-column elementor-col-100 elementor-top-column elementor-element elementor-element-965ffeb\" data-id=\"965ffeb\" data-element_type=\"column\">\n<div class=\"elementor-column-wrap elementor-element-populated\">\n<div class=\"elementor-widget-wrap\">\n<div class=\"elementor-element elementor-element-220b7a2 elementor-widget elementor-widget-text-editor\" data-id=\"220b7a2\" data-element_type=\"widget\" data-widget_type=\"text-editor.default\">\n<div class=\"elementor-widget-container\">\n<div class=\"elementor-text-editor elementor-clearfix\">\n<h3><img decoding=\"async\" src=\"https:\/\/perfectbody.ro\/wp-content\/uploads\/2023\/12\/ox_ox-1.jpg\" \/><\/h3>\n<h3 class=\"vc_custom_heading font-custom vc_custom_1619046051455\" style=\"text-align: center;\">Tratamente Oxigenera<\/h3>\n<p style=\"text-align: center;\"><strong>Pa\u0219ii tratamentului \u0219i tehnologiile utilizate<\/strong><\/p>\n<\/div>\n<\/div>\n<\/div>\n<\/div>\n<\/div>\n<div class=\"elementor-column-wrap elementor-element-populated\">\n<div class=\"elementor-widget-wrap\">\n<div class=\"elementor-element elementor-element-220b7a2 elementor-widget elementor-widget-text-editor\" data-id=\"220b7a2\" data-element_type=\"widget\" data-widget_type=\"text-editor.default\">\n<div class=\"elementor-widget-container\">\n<div class=\"elementor-text-editor elementor-clearfix\"><\/div>\n<\/div>\n<\/div>\n<section class=\"elementor-section elementor-inner-section elementor-element elementor-element-81543a9 elementor-section-boxed elementor-section-height-default elementor-section-height-default\" data-id=\"81543a9\" data-element_type=\"section\">\n<div class=\"elementor-container elementor-column-gap-default\">\n<div class=\"elementor-row\">\n<div class=\"elementor-column elementor-col-50 elementor-inner-column elementor-element elementor-element-b9e47cf\" data-id=\"b9e47cf\" data-element_type=\"column\">\n<div class=\"elementor-column-wrap elementor-element-populated\">\n<div class=\"elementor-widget-wrap\">\n<div class=\"elementor-element elementor-element-f41bede elementor-widget elementor-widget-text-editor\" data-id=\"f41bede\" data-element_type=\"widget\" data-widget_type=\"text-editor.default\">\n<div class=\"elementor-widget-container\">\n<div class=\"elementor-text-editor elementor-clearfix\">\n<div>\u2022<strong>Pasul 1<\/strong>\u00a0\u2013 se \u00eencepe prin\u00a0<strong>demacherea \u0219i tonifierea<\/strong>\u00a0tenului cu produse care aduc un aport de hidratare \u00eenc\u0103 de la prima etap\u0103;<\/div>\n<div>\u2022<strong>Pasul 2<\/strong>\u00a0\u2013 se realizeaz\u0103\u00a0<strong>microdermoabraziunea<\/strong>\u00a0cu particule de diamant, care exfoliaz\u0103 \u0219i \u00eendep\u0103rteaz\u0103 celulele moarte de la suprafa\u021ba pielii, reprezent\u00e2nd un pas preg\u0103titor pentru infuzia cu oxigen hiperbaric;<\/div>\n<div><strong>Aceasti pa\u0219i ajut\u0103 la<\/strong>:<\/div>\n<div>\u2665Stimularea secre\u021biei de colagen \u0219i elastin\u0103 \u00een piele;<\/div>\n<div>\u2665\u00cembun\u0103t\u0103\u021birea circula\u021biei sangvine \u00een capilare;<\/div>\n<div>\u2665Accelerarea regener\u0103rii celulare;<\/div>\n<div>\u2665Eliminarea semnelor \u00eemb\u0103tr\u00e2nirii;<\/div>\n<div>\n<div>\u2022<strong>Pasul 3<\/strong>\u00a0\u2013 Oxigenenare se pulverizeaz\u0103 cu ajutorul aerografului, concentratul activ ce are la baza colagen, elastin\u0103 \u0219i acid hialuronic \u0219i este introdus \u00een piele datorit\u0103 puterii oxigenului hiperbaric. Substan\u021bele ac\u021bioneaz\u0103 apoi din interior c\u0103tre exterior \u0219i reduc ridurile, trateaz\u0103 acneea \u0219i petele pigmentare.<\/div>\n<div><strong>Oxigenul hiperbaric ajut\u0103 la<\/strong>:<\/div>\n<div>\u2665hidratarea foarte bun\u0103 a pielii pentru c\u0103 aceast\u0103 procedura cre\u0219te con\u021binutul de umiditate \u00een \u021besuturile cutanate;<\/div>\n<div>\u2665tonifierea pielii, reducerea ridurilor \u0219i a liniilor fine de pe fa\u021b\u0103;<\/div>\n<div>restabilirea conturului \u0219i aspectului frumos al fe\u021bei<\/div>\n<div>\u2665Previne \u00eemb\u0103tr\u00e2nirea prematur\u0103 a pielii;<\/div>\n<\/div>\n<\/div>\n<\/div>\n<\/div>\n<\/div>\n<\/div>\n<\/div>\n<div class=\"elementor-column elementor-col-50 elementor-inner-column elementor-element elementor-element-1daf644\" data-id=\"1daf644\" data-element_type=\"column\">\n<div class=\"elementor-column-wrap elementor-element-populated\">\n<div class=\"elementor-widget-wrap\">\n<div class=\"elementor-element elementor-element-346145e elementor-widget elementor-widget-text-editor\" data-id=\"346145e\" data-element_type=\"widget\" data-widget_type=\"text-editor.default\">\n<div class=\"elementor-widget-container\">\n<div class=\"elementor-text-editor elementor-clearfix\">\n<div>\u2022<strong>Pasul 4<\/strong>\u00a0\u2013 terapia cu\u00a0<strong>radiofrecven\u021b\u0103 multipolar\u0103<\/strong>\u00a0ce compacteaz\u0103 fibrele de colagen \u0219i elastina, av\u00e2nd un intens\u00a0<strong>efect de lifting<\/strong>\u00a0\u0219i de redob\u00e2ndire a tonusului facial;<\/div>\n<div><strong>\u00cen urma terapiei cu radiofrecven\u021b\u0103 se ob\u021bine<\/strong>:<\/div>\n<div>\u2665Un efect de lifting \u0219i ridicare a pielii ce poate echivala rezultatele chirurgiei plastice \u00een cazuri mai u\u0219oare;<\/div>\n<div>\u2665Eliminarea ridurilor \u0219i a depozitelor de gr\u0103sime;<\/div>\n<div>\u2665Eliminarea excesului de lichid din piele;<\/div>\n<div>\u2665Stimularea circula\u021biei sangvine;<\/div>\n<div>\u2665Stimularea producerii de elastin\u0103 \u0219i colagen \u0219i deci re\u00eennoirea \u021besuturilor cutanate cu aceste substan\u021be importante pentru refacerea tonusului pielii;<\/div>\n<div>\u2665\u00cembun\u0103t\u0103\u021birea aspectului pielii;<\/div>\n<div>\u2022<strong>Pasul 5<\/strong>\u00a0\u2013 se aplic\u0103 o masc\u0103 crem\u0103 ce ajut\u0103 la stimularea metabolismului pielii, apoi se a\u0219eaz\u0103\u00a0<strong>Photoon Oxygen Mask \u2013 InfraRed Soft Laser<\/strong>\u00a0care ajut\u0103 la infuzarea ingredietelor active \u0219i are rol de\u00a0<strong>oxigenare<\/strong>\u00a0\u0219i stimulare celular\u0103 la nivelul straturilor profunde ale pielii;<\/div>\n<\/div>\n<\/div>\n<\/div>\n<\/div>\n<\/div>\n<\/div>\n<\/div>\n<\/div>\n<\/section>\n<\/div>\n<\/div>\n<\/div>\n<\/div>\n<\/div>\n<\/section>\n<section class=\"elementor-section elementor-top-section elementor-element elementor-element-b10c145 elementor-hidden-tablet elementor-hidden-phone elementor-section-boxed elementor-section-height-default elementor-section-height-default\" data-id=\"b10c145\" data-element_type=\"section\" data-settings=\"{&quot;background_background&quot;:&quot;slideshow&quot;,&quot;background_slideshow_gallery&quot;:[{&quot;id&quot;:151,&quot;url&quot;:&quot;https:\\\/\\\/pureskin.ro\\\/wp-content\\\/uploads\\\/2017\\\/06\\\/bg-praradax.jpg&quot;}],&quot;background_slideshow_loop&quot;:&quot;yes&quot;,&quot;background_slideshow_slide_duration&quot;:5000,&quot;background_slideshow_slide_transition&quot;:&quot;fade&quot;,&quot;background_slideshow_transition_duration&quot;:500}\">\n<div class=\"elementor-background-slideshow swiper-container\" dir=\"rtl\">\n<div class=\"swiper-wrapper\">\n<div class=\"elementor-background-slideshow__slide swiper-slide\">\n<div class=\"elementor-background-slideshow__slide__image\"><\/div>\n<\/div>\n<\/div>\n<\/div>\n<div class=\"elementor-container elementor-column-gap-default\">\n<div class=\"elementor-row\">\n<div class=\"elementor-column elementor-col-16 elementor-top-column elementor-element elementor-element-b667736\" data-id=\"b667736\" data-element_type=\"column\">\n<div class=\"elementor-column-wrap\">\n<div class=\"elementor-widget-wrap\">\u201eIngredientele active folosite sunt de la Institute BCN \u2013 brandul cu cea mai larg\u0103 gama de produse mesoceuticale profesionale, oferind s\u0103n\u0103tate \u0219i frumuse\u021be.<\/div>\n<\/div>\n<\/div>\n<div class=\"elementor-column elementor-col-66 elementor-top-column elementor-element elementor-element-6e5d1cd\" data-id=\"6e5d1cd\" data-element_type=\"column\">\n<div class=\"elementor-column-wrap elementor-element-populated\">\n<div class=\"elementor-widget-wrap\">\n<div class=\"elementor-element elementor-element-15ff3ad elementor-widget elementor-widget-text-editor\" data-id=\"15ff3ad\" data-element_type=\"widget\" data-widget_type=\"text-editor.default\">\n<div class=\"elementor-widget-container\">\n<div class=\"elementor-text-editor elementor-clearfix\">\n<div>Sunt produse dovedite clinic, av\u00e2nd la baz\u0103 mul\u021bi ani de cercet\u0103ri, test\u0103ri \u0219i \u00eembun\u0103t\u0103\u021biri continue. Fiecare produs poate fi mixat \u0219i cu un alt produs chiar \u0219i din game diferite, oferind posibilitatea de a crea un tratament personalizat \u00een func\u021bie de problemele individuale la nivel facial sau corporal.\u201d<\/div>\n<\/div>\n<\/div>\n<\/div>\n<\/div>\n<\/div>\n<\/div>\n<\/div>\n<\/div>\n<\/section>\n","protected":false},"excerpt":{"rendered":"<p>Tratamente Oxigenera Pa\u0219ii tratamentului \u0219i tehnologiile utilizate \u2022Pasul 1\u00a0\u2013 se \u00eencepe prin\u00a0demacherea \u0219i tonifierea\u00a0tenului cu produse care aduc un aport de hidratare \u00eenc\u0103 de la prima<span class=\"excerpt-hellip\"> [\u2026]<\/span><\/p>\n","protected":false},"author":1,"featured_media":0,"parent":0,"menu_order":0,"comment_status":"closed","ping_status":"closed","template":"","meta":[],"_links":{"self":[{"href":"https:\/\/perfectbody.ro\/index.php\/wp-json\/wp\/v2\/pages\/99"}],"collection":[{"href":"https:\/\/perfectbody.ro\/index.php\/wp-json\/wp\/v2\/pages"}],"about":[{"href":"https:\/\/perfectbody.ro\/index.php\/wp-json\/wp\/v2\/types\/page"}],"author":[{"embeddable":true,"href":"https:\/\/perfectbody.ro\/index.php\/wp-json\/wp\/v2\/users\/1"}],"replies":[{"embeddable":true,"href":"https:\/\/perfectbody.ro\/index.php\/wp-json\/wp\/v2\/comments?post=99"}],"version-history":[{"count":4,"href":"https:\/\/perfectbody.ro\/index.php\/wp-json\/wp\/v2\/pages\/99\/revisions"}],"predecessor-version":[{"id":334,"href":"https:\/\/perfectbody.ro\/index.php\/wp-json\/wp\/v2\/pages\/99\/revisions\/334"}],"wp:attachment":[{"href":"https:\/\/perfectbody.ro\/index.php\/wp-json\/wp\/v2\/media?parent=99"}],"curies":[{"name":"wp","href":"https:\/\/api.w.org\/{rel}","templated":true}]}}