{"id":93,"date":"2020-06-04T16:53:21","date_gmt":"2020-06-04T16:53:21","guid":{"rendered":"http:\/\/perfectbody.ro\/?page_id=93"},"modified":"2023-04-27T18:14:24","modified_gmt":"2023-04-27T18:14:24","slug":"exilis-elite","status":"publish","type":"page","link":"https:\/\/perfectbody.ro\/index.php\/exilis-elite\/","title":{"rendered":"EXILIS ELITE"},"content":{"rendered":"<h3 style=\"text-align: center;\"><strong>NUMARUL 1 IN LUME IN MODELAREA FACIALA SI CORPORALA!<\/strong><\/h3>\n<p><strong>CE ESTE EXILIS ELITE?<\/strong><\/p>\n<p>BTL EXILIS ELITE este cel mai inovativ aparat medical dedicat esteticii din ultimii 10 ani, aparatul care a schimbat perceptia despre estetica si a reusit sa realizeze lifting facial fara ajutorul chirurgiei.<\/p>\n<p>Este un sistem de tratament estetic non-invaziv cu rezultate vizibile \u0219i de lung\u0103 durata. Toate p\u0103r\u021bile corpului pot fi tratate \u0219i remodelate cu\u00a0u\u0219urin\u021b\u0103, \u00een\u00a0siguran\u021b\u0103\u00a0\u0219i cu\u00a0efecte spectaculoase.<\/p>\n<p>Exilis a fost testat \u00een studii clinice \u0219i s-a dovedit a fi sigur \u0219i eficient, fiind aprobat de\u00a0FDA\u00a0\u00een SUA pentru a fi utilizat \u00een proceduri dermatologice \u0219i estetice, cu indica\u021bii pentru tratamentul non-invaziv al\u00a0celulitei, ridurilor \u0219i liniilor de expresie ale fe\u021bei.<\/p>\n<p>Revolu\u021bionarul sistem de tratament\u00a0EXILIS ELITE\u00a0\u00eembin\u0103 pentru prima oar\u0103 cu succes dou\u0103 tehnologii complementare de remodelare corporal\u0103: radiofrecven\u021ba \u0219i ultrasunetele \u2013 care ac\u021bioneaza at\u00e2t asupra \u021besutului adipos \u00een profunzime, c\u00e2t \u0219i asupra pielii, cresc\u00e2ndu-i acesteia din urm\u0103 fermitatea. Acest sistem de tratament ofer\u0103 o remodelare corporal\u0103 eficient\u0103 pentru toate aplica\u021biile estetice dorite de pacien\u021bi, cu rezultate evidente \u00een reducerea volumului \u0219i remodelere a zonelor corpului afectate, reducerea celulitei \u0219i imbunatatirea tonusului, elasticit\u0103\u021bii \u0219i texturii pielii.<\/p>\n<p>&nbsp;<\/p>\n<h3 style=\"text-align: center;\"><strong>CEL MAI APRECIAT APARAT MEDICAL DE MODELARE CORPORALA SI FACIALA IN INTREAGA LUME<\/strong><\/h3>\n<p><strong>CUM ACTIONEAZA EXILIS ELITE?<\/strong><\/p>\n<p>In medie, femeile vor suporta 80% din leziuni ale soarelui \u00eenainte de 20 de ani. la 20 de ani, produc\u021bia de colagen va sc\u0103dea cu 1% pe an, iar grosimea pielii va sc\u0103dea cu aproximativ 7% la fiecare 10 ani.<\/p>\n<p>Sistemul de tratament Exilis Elite combin\u0103 ultrasunetele cu energie de \u00eenalt\u0103 frecven\u021b\u0103 astfel \u00eenc\u00e2t poate \u021binti cu precizie straturile profunde de gr\u0103sime, diminu\u00e2nd volumul acestora iar apoi prin efectul ultrasunetelor izoleaza adipocitele.<\/p>\n<p>Aceast\u0103 abordare inovatoare permite \u00eenc\u0103lzirea \u021besutului gras \u0219i conectiv \u00eentr-un mod mai eficient \u0219i mai rapid comparativ cu alte sisteme care nu beneficiaz\u0103 de efectul combin\u0103rii simultane a acestor energii. Exilis are un sistem de \u00eenc\u0103lzire \u0219i r\u0103cire controlat\u0103 stratificat\u0103. Stratificarea \u00eenseamn\u0103 pur \u0219i simplu c\u0103 energia este distribuit\u0103 la diferite ad\u00e2ncimi \u00een \u021besut iar schimbarea gradului de r\u0103cire \u00een timpul tratamentului permite at\u00e2t tratarea \u021besutului profund, c\u00e2t \u0219i a \u021besutului superficial.<\/p>\n<p>Exilis Elite folose\u0219te cea mai sofisticat\u0103 distribu\u021bie de radiofrecven\u021b\u0103 care permite monitorizarea constant\u0103 a modific\u0103rilor impedan\u021bei la nivelul pielii \u00een timpul tratamentului. Energia este controlat\u0103 \u0219i puterea de \u00eenc\u0103lzire este men\u021binut\u0103 la un nivel optim chiar \u0219i \u00een zonele \u00een care impedan\u021ba este foarte mare sau foarte mic\u0103. Acest lucru permite operatorului s\u0103 foloseasc\u0103 o putere mare f\u0103r\u0103 a compromite siguran\u021ba pacientului.<\/p>\n<p><strong>INFORMA\u021aII PROCEDUR\u0102<\/strong><\/p>\n<ul>\n<li>\u00a0<strong>Durata procedurii\u00a0\u00a0\u00a0\u00a0\u00a0\u00a0\u00a0\u00a0\u00a0\u00a0 \u00a0<\/strong>20-60 minute<\/li>\n<li>\u00a0<strong>Numar sedinte optime\u00a0\u00a0 \u00a0<\/strong>1-6 pe aceeasi zona<\/li>\n<li>\u00a0<strong>Timp de recuperare\u00a0\u00a0\u00a0\u00a0\u00a0\u00a0\u00a0 \u00a0<\/strong>Fara timp de recuperare<\/li>\n<li>\u00a0<strong>Remanenta efectului\u00a0\u00a0\u00a0\u00a0\u00a0\u00a0 <\/strong>6-12 luni<\/li>\n<li>\u00a0<strong>Disconfort\/ Durere\u00a0\u00a0\u00a0\u00a0\u00a0\u00a0\u00a0\u00a0\u00a0\u00a0 <\/strong>Fara disconfort sau durere<\/li>\n<li>\u00a0<strong>Cost informativ\u00a0\u00a0 \u00a0\u00a0\u00a0\u00a0\u00a0\u00a0\u00a0\u00a0\u00a0\u00a0\u00a0\u00a0\u00a0\u00a0\u00a0<\/strong>De la 200 lei<\/li>\n<\/ul>\n<p>&nbsp;<\/p>\n<p><strong>Ce afectiuni trateaza EXILIS ELITE? <\/strong><\/p>\n<p>Tratamentul se recomanda in urmatoare cazuri:<\/p>\n<ul>\n<li>Persoane cu celulita;<\/li>\n<li>Persoane cu piele flasca;<\/li>\n<li>Persoane cu grasime localizata;<\/li>\n<li>Persoane cu riduri fine;<\/li>\n<li>Persoane cu piele cazuta;<\/li>\n<li>Persoane cu pungi;<\/li>\n<li>Persoane cu barbie dubla.<\/li>\n<\/ul>\n<p><strong>Cum actioneaza\u00a0 tratamentul EXILIS ?<\/strong><\/p>\n<p>Sistemul de tratament Exilis Elite combin\u0103 ultrasunetele cu energie de \u00eenalt\u0103 frecven\u021b\u0103 astfel \u00eenc\u00e2t poate \u021binti cu precizie straturile profunde de gr\u0103sime, diminu\u00e2nd volumul acestora iar apoi prin efectul ultrasunetelor izoleaza adipocitele.<\/p>\n<p>Aceast\u0103 abordare inovatoare permite \u00eenc\u0103lzirea \u021besutului gras \u0219i conectiv \u00eentr-un mod mai eficient \u0219i mai rapid comparativ cu alte sisteme care nu beneficiaz\u0103 de efectul combin\u0103rii simultane a acestor energii.<\/p>\n<p>Exilis are un sistem de \u00eenc\u0103lzire \u0219i r\u0103cire controlat\u0103 stratificat\u0103. Stratificarea \u00eenseamn\u0103 pur \u0219i simplu c\u0103 energia este distribuit\u0103 la diferite ad\u00e2ncimi \u00een \u021besut iar schimbarea gradului de r\u0103cire \u00een timpul tratamentului permite at\u00e2t tratarea \u021besutului profund, c\u00e2t \u0219i a \u021besutului superficial.<\/p>\n<p>Exilis Elite folose\u0219te cea mai sofisticat\u0103 distribu\u021bie de radiofrecven\u021b\u0103 care permite monitorizarea constant\u0103 a modific\u0103rilor impedan\u021bei la nivelul pielii \u00een timpul tratamentului. Energia este controlat\u0103 \u0219i puterea de \u00eenc\u0103lzire este men\u021binut\u0103 la un nivel optim chiar \u0219i \u00een zonele \u00een care impedan\u021ba este foarte mare sau foarte mic\u0103. Acest lucru permite operatorului s\u0103 foloseasc\u0103 o putere mare f\u0103r\u0103 a compromite siguran\u021ba pacientului.<\/p>\n<p><strong>Este neceasara pregatire speciala?<\/strong><\/p>\n<p>Procedura nu necesita pregatiri speciale.<\/p>\n<p><strong>Cum decurge procedura?<\/strong><\/p>\n<p>O \u0219edin\u021b\u0103 de tratament Exilis const\u0103 \u00een identificarea, izolarea celulelor grase \u0219i dezactivarea celulelor grase din \u021besutul adipos reg\u0103sit \u00een zona de tratament cu ajutorul aplicatorului, timp de 4-5 minute.<\/p>\n<p>\u00cen aceea\u0219i \u0219edin\u021b\u0103 se pot trata p\u00e2n\u0103 la 4-6 zone, maximum 1000 cm<sup>2<\/sup>.<\/p>\n<p>Procedeul poate dura \u00eentre 20 \u0219i 60 de minute.<\/p>\n<p>\u00cen\u00a0\u00a0 timpul \u00a0\u00a0tratamentului \u00a0poate ap\u0103rea \u00a0\u00a0o \u00a0u\u0219oar\u0103 \u00a0senza\u021bie \u00a0de\u00a0 discomfort<\/p>\n<p>cauzat\u0103 de \u00eenc\u0103lzirea \u021besutului p\u00e2n\u0103 la aprox. 41 de grade dar r\u0103cirea integrat\u0103 \u00een piesa de m\u00e2n\u0103 face ca procedeul s\u0103 fie tolerat f\u0103r\u0103 probleme de c\u0103tre pacien\u021bi. F\u0103r\u0103 durere \u0219i f\u0103r\u0103 anestezie, f\u0103r\u0103 perioad\u0103 de recuperare \u0219i cu rezultate evidente de la prima \u0219edin\u021b\u0103, sistemul Exilis asigur\u0103 at\u00e2t pentru terapeut, c\u00e2t \u0219i pentru pacient un tratament rapid \u0219i sigur cu rezultate progresive \u0219i m\u0103surabile.<br \/>\nTratamentul este unul foarte sigur iar \u00een afar\u0103 de o ro\u0219ea\u021b\u0103 care dispare la aproximativ 2-3 ore dup\u0103 tratament, practic nu exist\u0103 reac\u021bii adverse. Exilis are integrate sisteme de siguran\u021b\u0103 iar aplicatorul s\u0103u este patentat \u0219i unic datorit\u0103 sistemului de monitorizare a temperaturii pielii \u0219i a fluxului de energie, evit\u00e2ndu-se astfel orice risc de r\u0103nire a pacientului.<\/p>\n<p>Pacien\u021bii ideali pentru acest sistem de tratament sunt cei care caut\u0103 nu doar reducerea, ci \u0219i redob\u00e2ndirea fermit\u0103\u021bii acelor zone afectate din punct de vedere estetic.<\/p>\n<p>Sistemul Exilis are de asemenea un beneficiu suplimentar, cu rezultate vizibile \u00een tratarea celulitei, pielea fiind mai neted\u0103 \u0219i mai elastic\u0103, iar aspectul de \u201ccoaj\u0103 de portocal\u0103\u201d eliminat<\/p>\n<p><strong>Este neceasra o conduita dupa tratament ?<\/strong><\/p>\n<p>Conduita post-tratament este evident foarte important\u0103, obiceiurile alimentare trebuie s\u0103 includ\u0103 o diet\u0103 s\u0103n\u0103toas\u0103, respect\u00e2nd<em>\u00a0principiul echilibrului caloric.<\/em><\/p>\n<p><em>Ce este principiul echilibrului caloric?<\/em><\/p>\n<p>Caloriile pe care le consuma\u021bi zilnic din alimenta\u021bie, sunt transformate \u00een energie \u0219i sunt consumate de organism. Echilibrul caloric \u00eenseamn\u0103 ca num\u0103rul de calorii ob\u021binute din alimente s\u0103 fie egal cu num\u0103rul de calorii consumate. Toate caloriile \u00een surplus se vor depozita \u00een celulele grase, form\u00e2nd celulita \u0219i mai apoi obezitatea.<\/p>\n<p><strong>Este necesar timp de recuperare?<\/strong><\/p>\n<p>Nu exista timp de recuperare, nu exista durere. Va puteti relua activitatile cotidiene imediat.<\/p>\n<p><strong>Pot aparea afecte adverse? <\/strong><\/p>\n<p>Nu exista efecte adeverse.<\/p>\n<p><strong>Ce efecte are procedura?<\/strong><\/p>\n<ul>\n<li>efect de skin tightening sau str\u00e2ngere a pielii flasce \u0219i \u00een surplus;<\/li>\n<li>tonifierea pielii \u0219i refacerea elasticit\u0103\u021bii;<\/li>\n<li>estomparea ridurilor si reducerea ptozei faciale;<\/li>\n<li>estomparea pungilor de sub ochi;<\/li>\n<li>estomparea aspectului de barbie dubla;<\/li>\n<li>reducerea \u00een circumferin\u021b\u0103 a abdomenului, bra\u021belor \u0219i coapselor;<\/li>\n<li>reducerea celulitei;<\/li>\n<li>eliminarea aspectului de coaj\u0103 de portocal\u0103.<\/li>\n<\/ul>\n<p><strong>La cat timp se repeat tratamentul?<\/strong><\/p>\n<p>In general se realizeaza 1 sedinta pe saptamana.<\/p>\n<p><strong>Procedura EXILIS se poate combina cu alte tratamente?<\/strong><\/p>\n<p>Exilis Elite poate fi asociat cu\u00a0 LPG si\u00a0 vibromasaj\u00a0 disponiblie la noi la salon.<\/p>\n","protected":false},"excerpt":{"rendered":"<p>NUMARUL 1 IN LUME IN MODELAREA FACIALA SI CORPORALA! CE ESTE EXILIS ELITE? BTL EXILIS ELITE este cel mai inovativ aparat medical dedicat esteticii din ultimii<span class=\"excerpt-hellip\"> [\u2026]<\/span><\/p>\n","protected":false},"author":1,"featured_media":0,"parent":0,"menu_order":0,"comment_status":"closed","ping_status":"closed","template":"","meta":[],"_links":{"self":[{"href":"https:\/\/perfectbody.ro\/index.php\/wp-json\/wp\/v2\/pages\/93"}],"collection":[{"href":"https:\/\/perfectbody.ro\/index.php\/wp-json\/wp\/v2\/pages"}],"about":[{"href":"https:\/\/perfectbody.ro\/index.php\/wp-json\/wp\/v2\/types\/page"}],"author":[{"embeddable":true,"href":"https:\/\/perfectbody.ro\/index.php\/wp-json\/wp\/v2\/users\/1"}],"replies":[{"embeddable":true,"href":"https:\/\/perfectbody.ro\/index.php\/wp-json\/wp\/v2\/comments?post=93"}],"version-history":[{"count":4,"href":"https:\/\/perfectbody.ro\/index.php\/wp-json\/wp\/v2\/pages\/93\/revisions"}],"predecessor-version":[{"id":316,"href":"https:\/\/perfectbody.ro\/index.php\/wp-json\/wp\/v2\/pages\/93\/revisions\/316"}],"wp:attachment":[{"href":"https:\/\/perfectbody.ro\/index.php\/wp-json\/wp\/v2\/media?parent=93"}],"curies":[{"name":"wp","href":"https:\/\/api.w.org\/{rel}","templated":true}]}}