{"id":255,"date":"2022-07-16T09:44:39","date_gmt":"2022-07-16T09:44:39","guid":{"rendered":"https:\/\/perfectbody.ro\/?page_id=255"},"modified":"2024-04-22T17:18:43","modified_gmt":"2024-04-22T17:18:43","slug":"ems-slim","status":"publish","type":"page","link":"https:\/\/perfectbody.ro\/index.php\/ems-slim\/","title":{"rendered":"EMS SLIM"},"content":{"rendered":"<p><img decoding=\"async\" loading=\"lazy\" class=\"alignnone wp-image-265\" src=\"https:\/\/perfectbody.ro\/wp-content\/uploads\/2022\/07\/p15-300x300.jpg\" alt=\"\" width=\"489\" height=\"489\" srcset=\"https:\/\/perfectbody.ro\/wp-content\/uploads\/2022\/07\/p15-300x300.jpg 300w, https:\/\/perfectbody.ro\/wp-content\/uploads\/2022\/07\/p15-150x150.jpg 150w, https:\/\/perfectbody.ro\/wp-content\/uploads\/2022\/07\/p15-146x146.jpg 146w, https:\/\/perfectbody.ro\/wp-content\/uploads\/2022\/07\/p15-50x50.jpg 50w, https:\/\/perfectbody.ro\/wp-content\/uploads\/2022\/07\/p15-75x75.jpg 75w, https:\/\/perfectbody.ro\/wp-content\/uploads\/2022\/07\/p15-85x85.jpg 85w, https:\/\/perfectbody.ro\/wp-content\/uploads\/2022\/07\/p15-80x80.jpg 80w, https:\/\/perfectbody.ro\/wp-content\/uploads\/2022\/07\/p15.jpg 750w\" sizes=\"(max-width: 489px) 100vw, 489px\" \/><\/p>\n<p>&nbsp;<\/p>\n<p>Transforma-ti\u00a0 gr\u0103simea nedorit\u0103 de pe abdomen sau fese in masa muscular\u0103 f\u0103r\u0103 efort, \u00een doar 4 \u0219edin\u021be cu ajutorul dispozitivului EMS Slim! Un protocol de tratament cu EMS Slim echivaleaz\u0103 cu 6 luni de tratamente regulate \u00een sala de for\u021b\u0103!<\/p>\n<p>Folosind revolu\u021bionara tehnologie HI-EMT, dispozitivul non-invaziv \u0219i complet nedureros \u00ee\u021bi va\u00a0tonifia abdomenul,\u00a0va realiza un\u00a0lifting al feselor\u00a0\u0219i \u00ee\u021bi va\u00a0cre\u0219te\u00a0rata metabolic\u0103. Pacien\u021bii au observat \u00een medie o sc\u0103dere cu 19% a stratului adipos \u0219i o cre\u0219tere de 16% a masei musculare.<\/p>\n<p>De ce s\u0103 alegi s\u0103 \u00ee\u021bi tonifiezi musculatura cu EMS Slim?<\/p>\n<ul class=\"green-check\">\n<li>mic\u0219oreaz\u0103\u00a0stratul\u00a0adipos<\/li>\n<li>tonifiaz\u0103\u00a0musculatura\u00a0\u00een zona aplicat\u0103 \u0219i \u00een zonele adiacente<\/li>\n<li>singura metoda non-invaziv\u0103 care realizeaz\u0103\u00a0liftingul feselor<\/li>\n<li>realizeaz\u0103 o\u00a0sl\u0103bire \u00een centimetri<\/li>\n<li>eficient \u00een caz de\u00a0diastaz\u0103 abdominal\u0103<\/li>\n<li>are un efect de\u00a0definire\u00a0asupra mu\u0219chilor<\/li>\n<li>eficient \u00een recuperare \u0219i reabilitare muscular\u0103 pentru persoanele cu\u00a0dureri de spate\u00a0sau\u00a0musculatur\u0103 pelvian\u0103 nedezvoltat\u0103\u00a0care nu pot efectua exerci\u021bii fizice<\/li>\n<li>cre\u0219te\u00a0masa muscular\u0103<\/li>\n<li>cre\u0219te\u00a0rata metabolic\u0103\u00a0(num\u0103rul de calorii arse de organismul t\u0103u)<\/li>\n<li>\u00eent\u0103re\u0219te\u00a0mai bine, mai repede \u0219i mai eficient grupele musculare lucrate, \u00een special\u00a0\u201ccore muscles\u201d, esen\u021biali pentru\u00a0cre\u0219terea performan\u021bei sportive<\/li>\n<li>tonus\u00a0\u0219i\u00a0vitalitate\u00a0crescut\u0103 la nivel general<\/li>\n<li>4 \u0219edin\u021be\u00a0echivaleaz\u0103\u00a0cu 6 luni de antrenamente\u00a0constante \u00een\u00a0sala de fitness<\/li>\n<li>procedur\u0103 rapid\u0103, care dureaz\u0103 doar\u00a030 de minute<\/li>\n<li>nu doare, nu necesit\u0103 timp de recuperare.<\/li>\n<\/ul>\n<p>Atunci c\u00e2nd pl\u0103nuie\u0219ti s\u0103 sl\u0103be\u0219ti, \u00een primul r\u00e2nd te g\u00e2nde\u0219ti cum s\u0103 scapi mai repede de gr\u0103simea nedorit\u0103 de pe burt\u0103, spate, bra\u021be sau picioare, iar cea mai la \u00eendem\u00e2n\u0103 metod\u0103 este restric\u021bia caloric\u0103, adic\u0103 dieta, \u00eenso\u021bit\u0103 de mult cardio \u0219i de tratamente corporale care se concentreaz\u0103 pe mic\u0219orarea stratului adipos.<\/p>\n<p>Dar dac\u0103 se poate sl\u0103bi \u0219i altfel? Pu\u021bini \u0219tiu c\u0103 modul cel mai indicat prin care po\u021bi topi gr\u0103simea este prin cre\u0219terea masei musculare, indiferent dac\u0103 e\u0219ti femeie sau b\u0103rbat. O mas\u0103 muscular\u0103 mai dezvoltat\u0103 consum\u0103 mai multe calorii, inclusiv \u00een repaos, iar acest lucru \u00eenseamn\u0103 c\u0103 organismul t\u0103u va \u201carde\u201d mai mult \u0219i rata ta metabolic\u0103 va cre\u0219te, chiar \u0219i atunci c\u00e2nd nu faci nimic. \u00cen plus, un corp tonifiat va avea ni\u0219te curbe mai frumoase \u0219i mai atr\u0103g\u0103toare, fie c\u0103 este vorba despre un abdomen cu p\u0103tr\u0103\u021bele sau ni\u0219te fese sub care te po\u021bi ad\u0103posti la umbr\u0103.<\/p>\n<p>\u00cen salonul Perfect Body\u00a0 te po\u021bi bucura de un corp mai tonifiat, f\u0103r\u0103 gr\u0103sime, \u0219i f\u0103r\u0103 s\u0103 mergi la sal\u0103! F\u0103 cuno\u0219tin\u021b\u0103 cu tehnologia inovatoare care arde gr\u0103simea \u0219i \u00ee\u021bi tonifiaz\u0103 corpul: HI-EMT sau impulsurile electromagnetice de \u00eenalt\u0103 intensitate focalizate. Dispozitivul EMS Slim direc\u021bioneaz\u0103 aceste impulsuri de energie electromagnetic\u0103 concentrat\u0103 de mare intensitate c\u0103tre \u021besutul muscular, determin\u00e2nd contrac\u021bii musculare supramaximale care activeaz\u0103 mai multe fibre musculare dec\u00e2t ceea ce se poate ob\u021bine prin activitatea sportiv\u0103 normal\u0103.<\/p>\n<p>Acest tratament non-invaziv\u00a0tonifiaz\u0103\u00a0\u0219i\u00a0\u00eent\u0103re\u0219te\u00a0grupurile musculare mari ale abdomenului \u0219i feselor, precum \u0219i ale altor zone mai mici ale corpului, inclusiv coapsele \u0219i chiar \u0219i gambele. Rezultatul: mu\u0219chi alungi\u021bi \u0219i mai bine defini\u021bi \u0219i o circumferin\u021b\u0103 redus\u0103.<\/p>\n<p>Chiar dac\u0103 pe c\u00e2ntar sl\u0103birea nu va fi at\u00e2t de dramatic\u0103 sau chiar nu se va vedea deloc, pentru c\u0103 mu\u0219chii sunt mai grei ca gr\u0103simea, vei pierde cu siguran\u021b\u0103 \u00een centimetri. \u00cen plus, modul \u00een care vei ar\u0103ta \u0219i te vei sim\u021bi, tonusul \u0219i energia pe care o vei dob\u00e2ndi te vor face s\u0103 te \u00eendr\u0103goste\u0219ti de \u201cantrenamentele\u201d HI-EMT!<\/p>\n<p>Dac\u0103 e\u0219ti femeie\u00a0 corpul t\u0103u se va \u201cstr\u00e2nge\u201d\u00a0acolo unde este nevoie, \u00een zona taliei sau a \u0219oldurilor, se va\u00a0tonifia\u00a0\u00een spatele coapselor \u0219i se va\u00a0ridica\u00a0\u0219i\u00a0bomba\u00a0\u00een zona feselor.<\/p>\n<p>Cum func\u021bioneaz\u0103 tehnologia HI-EMT pentru remodelare corporal\u0103 prin cre\u0219terea masei musculare?<\/p>\n<p>O singur\u0103 \u0219edin\u021b\u0103 de tratament cu EMS Slim produce aproape 20.000 de contrac\u021bii musculare \u00een jum\u0103tate de or\u0103. De fapt, to\u021bi mu\u0219chii scheletici se contract\u0103 simultan \u00een zona care este tratat\u0103.<\/p>\n<p>De exemplu, atunci c\u00e2nd energia este aplicat\u0103 pe zona abdomenului, mu\u0219chiul abdominal rectus abdominis, mu\u0219chiul transversal abdominal \u0219i mu\u0219chii oblici abdominali se contract\u0103 to\u021bi, \u00een acela\u0219i timp.<\/p>\n<p>Acest lucru este ideal pentru o femeie care sufer\u0103 de diastaz\u0103 abdominal\u0103, care apare deseori dup\u0103 sarcin\u0103. Din p\u0103cate, este practic imposibil o dat\u0103 ce mu\u0219chii se separ\u0103, s\u0103 fie lucra\u021bi \u0219i str\u00e2n\u0219i \u00een mod eficient prin exerci\u021biile standard. Prin tehnologia HI-EMT livrat\u0103 de dispozitivul EMS Slim se pot ob\u021bine \u00eembun\u0103t\u0103\u021biri chiar \u0219i pentru cazurile de separare a pere\u021bilor abdominali.<\/p>\n<p><img decoding=\"async\" loading=\"lazy\" class=\"alignnone wp-image-261\" src=\"https:\/\/perfectbody.ro\/wp-content\/uploads\/2022\/07\/p14-300x160.jpg\" alt=\"\" width=\"364\" height=\"194\" srcset=\"https:\/\/perfectbody.ro\/wp-content\/uploads\/2022\/07\/p14-300x160.jpg 300w, https:\/\/perfectbody.ro\/wp-content\/uploads\/2022\/07\/p14-260x139.jpg 260w, https:\/\/perfectbody.ro\/wp-content\/uploads\/2022\/07\/p14-50x27.jpg 50w, https:\/\/perfectbody.ro\/wp-content\/uploads\/2022\/07\/p14-141x75.jpg 141w, https:\/\/perfectbody.ro\/wp-content\/uploads\/2022\/07\/p14.jpg 750w\" sizes=\"(max-width: 364px) 100vw, 364px\" \/><\/p>\n<p>Contractarea \u00een mod repetat, f\u0103r\u0103 odihn\u0103, streseaz\u0103 mu\u0219chii, ceea ce declan\u0219eaz\u0103 schimb\u0103ri rapide la nivel celular, ce stimuleaz\u0103 cre\u0219terea \u00een dimensiune \u0219i for\u021ba acestora.<\/p>\n<div>\n<p>Inducerea contrac\u021biilor supramaximale duce la lipoliza supramaximal\u0103.<\/p>\n<p>Corpul reac\u021bioneaz\u0103 la cerin\u021bele extreme de energie ale acestor contrac\u021bii cu o reac\u021bie catabolic\u0103 extrem\u0103, care are ca rezultat o eliberare important\u0103 de acizi gra\u0219i liberi, care se acumuleaz\u0103 \u00een celulele adipoase din jur. Acest lucru duce la disfunc\u021bionalitatea \u0219i la distrugerea lor. Lipoliza apare mai ales \u00een zona din apropierea mu\u0219chilor care se contract\u0103.<\/p>\n<h2><b>Ce sim\u021bi \u00een timpul tratamentului de tonifiere \u0219i sl\u0103bire cu dispozitivul EMS Slim?<\/b><\/h2>\n<p>O \u0219edin\u021b\u0103 de tratament cu EMS Slim se simte ca un antrenament intens, doar c\u0103 \u00een loc s\u0103 munce\u0219ti, stai pe spate \u0219i a\u0219tep\u021bi c\u0103 EMS Slim s\u0103 fac\u0103 toat\u0103 munca mai bine dec\u00e2t o po\u021bi face tu. Senza\u021bia este perceput\u0103 \u00een mod diferit de fiecare persoan\u0103, \u00eens\u0103 nu este deloc dureroas\u0103.<\/p>\n<\/div>\n<p><img decoding=\"async\" loading=\"lazy\" class=\"alignnone wp-image-271\" src=\"https:\/\/perfectbody.ro\/wp-content\/uploads\/2022\/07\/p11-258x300.jpg\" alt=\"\" width=\"306\" height=\"356\" srcset=\"https:\/\/perfectbody.ro\/wp-content\/uploads\/2022\/07\/p11-258x300.jpg 258w, https:\/\/perfectbody.ro\/wp-content\/uploads\/2022\/07\/p11-126x146.jpg 126w, https:\/\/perfectbody.ro\/wp-content\/uploads\/2022\/07\/p11-43x50.jpg 43w, https:\/\/perfectbody.ro\/wp-content\/uploads\/2022\/07\/p11-65x75.jpg 65w, https:\/\/perfectbody.ro\/wp-content\/uploads\/2022\/07\/p11.jpg 750w\" sizes=\"(max-width: 306px) 100vw, 306px\" \/><\/p>\n<p>De exemplu, protocolul pentru tonifierea abdomenului include 3 etape:<\/p>\n<p>Diferen\u021ba tangibil\u0103 dintre primele dou\u0103 este aproape imperceptibil\u0103, cea de-a doua fiind mai lung\u0103 \u0219i mai pronun\u021bat\u0103 dec\u00e2t prima, deoarece dispozitivul va contracta to\u021bi mu\u0219chii abdominali de o mie de ori \u00een c\u00e2teva secunde, fa\u021b\u0103 de o sut\u0103 de ori \u00een c\u00e2teva secunde. Terapeutul este cel care seteaz\u0103 intensitatea contrac\u021biilor, \u00een baza preferin\u021belor \u0219i a tolerabilit\u0103\u021bii fiec\u0103rui pacient \u00een parte.<\/p>\n<p>A treia faz\u0103 a tratamentului este cea mai pl\u0103cut\u0103 \u0219i const\u0103 \u00eentr-o serie de contrac\u021bii foarte lente, concepute pentru a elimina toxinele sau acidul lactic dezl\u0103n\u021buite de mu\u0219chii solicita\u021bi la maxim, elimin\u00e2ndu-se astfel pericolul supra-antren\u0103rii.<\/p>\n<p>Nu exist\u0103 disconfort nici \u00een zilele dup\u0103 tratament. \u00cen anumite cazuri, poate ap\u0103rea o u\u0219oar\u0103 febr\u0103 muscular\u0103.<\/p>\n<p>La Perfect Body confortul pacien\u021bilor este la fel de important ca \u0219i siguran\u021ba lor \u0219i de aceea \u00eel monitoriz\u0103m \u00een permanen\u021b\u0103, indiferent de tratamentul efectuat.<\/p>\n<h2><b>Ce rezultate po\u021bi ob\u021bine cu ajutorul dispozitivului EMS Slim?<\/b><\/h2>\n<p>Cercet\u0103rile au observat o\u00a0<b>reducere medie a circumferin\u021bei din zona tratat\u0103 de peste 4 centimetri<\/b>, o\u00a0<b>reducere<\/b>\u00a0de\u00a0<b>19% a stratului de gr\u0103sime<\/b>\u00a0\u0219i\u00a0<b>o cre\u0219tere cu 16% a masei musculare.\u00a0<\/b><\/p>\n<p>\u00cen plus, tonifierea muscular\u0103 \u0219i eliminarea gr\u0103simii cu EMS Slim continu\u0103 s\u0103 produc\u0103 efecte \u0219i dup\u0103 ce ai terminat ultima \u0219edin\u021b\u0103 de tratament: mu\u0219chii cresc \u00een continuare, iar stratul de gr\u0103sime continu\u0103 s\u0103 se mic\u0219oreze timp de aproximativ patru luni dup\u0103 ce ai terminat ultima \u0219edin\u021b\u0103.<\/p>\n<p>&nbsp;<\/p>\n<p><img decoding=\"async\" loading=\"lazy\" class=\"alignnone wp-image-272\" src=\"https:\/\/perfectbody.ro\/wp-content\/uploads\/2022\/07\/ba2-300x100.jpg\" alt=\"\" width=\"513\" height=\"171\" srcset=\"https:\/\/perfectbody.ro\/wp-content\/uploads\/2022\/07\/ba2-300x100.jpg 300w, https:\/\/perfectbody.ro\/wp-content\/uploads\/2022\/07\/ba2-1024x341.jpg 1024w, https:\/\/perfectbody.ro\/wp-content\/uploads\/2022\/07\/ba2-768x256.jpg 768w, https:\/\/perfectbody.ro\/wp-content\/uploads\/2022\/07\/ba2-1536x512.jpg 1536w, https:\/\/perfectbody.ro\/wp-content\/uploads\/2022\/07\/ba2-2048x683.jpg 2048w, https:\/\/perfectbody.ro\/wp-content\/uploads\/2022\/07\/ba2-260x87.jpg 260w, https:\/\/perfectbody.ro\/wp-content\/uploads\/2022\/07\/ba2-50x17.jpg 50w, https:\/\/perfectbody.ro\/wp-content\/uploads\/2022\/07\/ba2-150x50.jpg 150w\" sizes=\"(max-width: 513px) 100vw, 513px\" \/><\/p>\n<p>&nbsp;<\/p>\n<p>&nbsp;<\/p>\n<div class=\"woocommerce-tabs wc-tabs-wrapper nitro-offscreen\">\n<div id=\"tab-description\" class=\"woocommerce-Tabs-panel woocommerce-Tabs-panel--description panel entry-content wc-tab\" role=\"tabpanel\" aria-labelledby=\"tab-title-description\">\n<p>Tehnologia HI-EMT a crescut foarte mult \u00een popularitate \u0219i pentru c\u0103 ofer\u0103 rezultate foarte rapide \u00een compara\u021bie cu alte dispozitive de eliminare a gr\u0103simii \u00een care trebuie s\u0103 a\u0219tep\u021bi \u00eenainte de a vedea rezultate. Dup\u0103 o singur\u0103 \u0219edin\u021b\u0103 de tratament cu EMS Slim, vei observa \u00eembun\u0103t\u0103\u021biri \u00een zona tratat\u0103 chiar la 2 zile dup\u0103 \u0219edin\u021b\u0103, mai ales dac\u0103 nu ai depozite mari de gr\u0103sime.<\/p>\n<p>Dup\u0103 finalizarea protocolului de tratament, vei ar\u0103ta \u0219i te vei sim\u021bi ca \u0219i c\u00e2nd ai fi frecventat sala de fitness cu regularitate timp de 6 luni.<\/p>\n<p>\u00centr-un studiu privind eficien\u021ba tehnologiei care st\u0103 la baza dispozitivului EMS Slim, pacien\u021bii care ini\u021bial nu erau mul\u021bumi\u021bi de <b>forma feselor\u00a0<\/b>lor au raportat o \u00eembun\u0103t\u0103\u021bire de 85% dup\u0103 patru \u0219edin\u021be de tratament \u0219i c\u0103 fesele lor arat\u0103 \u0219i se simt mai bombate \u0219i mai tonifiate fa\u021b\u0103 de momentul anterior \u00eenceperii tratamentului. HI-EMT este de altfel singura tehnologie non-invaziv\u0103 din lume, care nu presupune injec\u021bii sau bisturiul medicului chirurg plastician sau pentru a ob\u021bine un\u00a0<b>efect de lifting al feselor.<\/b><\/p>\n<p>Acela\u0219i studiu a constatat, de asemenea, c\u0103 tratamentul a redus dimensiunea taliei pacien\u021bilor 3,29 centimetri dup\u0103 patru tratamente. Trei luni mai t\u00e2rziu, talia lor se sub\u021biase \u0219i mai mult, cu circa 4,37 cm \u00een total.<\/p>\n<p>\u00cen afar\u0103 de un tonus \u0219i o definire muscular\u0103 superioar\u0103, mai exist\u0103 ni\u0219te\u00a0<b>beneficii medicale<\/b>\u00a0care fac din tehnologia HI-EMT una cu adev\u0103rat revolu\u021bionar\u0103.<\/p>\n<p>Astfel c\u0103, persoanele care sufer\u0103 de\u00a0<b>dureri de spate<\/b>\u00a0\u0219i de probleme de postur\u0103 din cauza unui\u00a0<b>abdomen insuficient lucrat\u00a0<\/b>\u0219i care nu pot face exerci\u021biile fizice din diferite motive, vor observa \u00eembun\u0103t\u0103\u021biri datorit\u0103 contract\u0103rii mu\u0219chilor scheletici \u0219i tonifierea abdomenului. Mu\u0219chii abdominali puternici sus\u021bin mult mai bine coloana vertebral\u0103.<\/p>\n<p>Femeile care au n\u0103scut \u0219i care se confrunt\u0103 cu\u00a0<b>diastaza abdominal\u0103<\/b>\u00a0vor vedea beneficiile \u0219i str\u00e2ngerea natural\u0103 a peretelui abdominal, mai ales c\u0103 \u00een aceste cazuri, nu sunt indicate exerci\u021biile clasice pentru abdomen.<\/p>\n<p>De asemenea,\u00a0<b>sportivii<\/b> care din cauza unor accident\u0103ri nu \u0219i-au putut antrena zona abdomenului, the \u201ccore muscles\u201d \u0219i vor s\u0103 \u00ee\u0219i redob\u00e2ndeasc\u0103 for\u021ba \u0219i vitalitatea, pot, de asemenea, s\u0103 beneficieze de rezultatele oferite de EMS Slim<\/p>\n<h2><b>C\u00e2t dureaz\u0103 o \u0219edin\u021b\u0103 de tonifiere a abdomenului sau de lifting al feselor cu EMS Slim \u0219i de c\u00e2te am nevoie?<\/b><\/h2>\n<p>\u0218edin\u021bele de tratament cu EMS Sllim dureaz\u0103 aproximativ 20-30 minute \u0219i sunt \u00eentotdeauna necesare minim 4 \u0219edin\u021be efectuate la un interval de 2-3 zile distan\u021b\u0103. Speciali\u0219tii no\u0219tri \u00een remodelare corporal\u0103 te vor ajuta s\u0103 alegi un plan de tratament adaptat obiectivelor \u0219i nevoilor tale specifice.<\/p>\n<h2><b>C\u00e2t de repede se v\u0103d rezultatele tehnologiei HI-EMT?<\/b><\/h2>\n<p>Persoanele care sunt c\u00e2t de c\u00e2t \u00eentr-o form\u0103 bun\u0103 sau cu doar c\u00e2teva kilograme \u00een plus vor vedea \u00eembun\u0103t\u0103\u021biri dup\u0103 doar o \u0219edin\u021b\u0103 de tratament cu dispozitivul EMS Slim.<\/p>\n<p>Dup\u0103 cele minim 6 \u0219edin\u021be de tratament recomandate, pacien\u021bii se vor sim\u021bi mai puternici \u0219i vor observa un tonus muscular \u00eembun\u0103t\u0103\u021bit \u0219i sc\u0103derea gr\u0103simii \u00een zonele tratate, dar cele mai bune rezultate vor fi vizibile dup\u0103 trei luni.<\/p>\n<p>Rezultatele finale pot dura mai mult pentru a se instala, \u00een special \u00een zonele cu mai mult\u0103 gr\u0103sime, deoarece dezvoltarea muscular\u0103 natural\u0103 necesit\u0103 timp. A\u0219a cum nu se \u00eent\u00e2mpl\u0103 tonifierea \u0219i cre\u0219terea rezisten\u021bei dup\u0103 doar o vizit\u0103 la sal\u0103, \u00een acela\u0219i mod, mu\u0219chii stimula\u021bi prin tehnologia HI-EMT au nevoie de c\u00e2teva luni pentru a cre\u0219te \u00een volum \u0219i densitate, ca \u0219i eliminarea celulelor adipoase distruse prin tratament.<\/p>\n<p>Rezultatele pot s\u0103 difere de la o persoan\u0103 la alta, \u00een func\u021bie de caracteristicile individuale \u0219i se men\u021bin \u00een timp dac\u0103 se adopt\u0103 un stil de via\u021b\u0103 s\u0103n\u0103tos \u0219i se respect\u0103 \u0219edin\u021bele de \u00eentre\u021binere, o dat\u0103 la 6 luni.<\/p>\n<h2><b>Care sunt contraindica\u021biile remodel\u0103rii corporale cu EMS Slim?<\/b><\/h2>\n<div>Contraindica\u021biile pentru tonifierea muscular\u0103 cu EMS Slim includ:<\/div>\n<ul class=\"red-stop\">\n<li>sarcina \u0219i perioada de al\u0103ptare<\/li>\n<li>afec\u021biunile \u0219i problemele cardiologice<\/li>\n<li>afec\u021biunile neurologice<\/li>\n<li>dispozitiv metalic implantat<\/li>\n<li>stimulatoarele cardiac<\/li>\n<li>problemele oncologice<\/li>\n<li>epilepsia<\/li>\n<\/ul>\n<h2><b>C\u00e2t de sigur\u0103 este tehnologia HI-EMT?<\/b><\/h2>\n<p>Tratamentul cu dispozitivul EMS Slim este 100% sigur, f\u0103r\u0103 efecte secundare nocive asupra s\u0103n\u0103t\u0103\u021bii pe termen lung.<\/p>\n<p>In salonul Perfect Body\u00a0 fiecare pacient beneficiaz\u0103 de o <b>evaluare ini\u021bial\u0103 GRATUIT\u0102<\/b>, pentru a ne asigura c\u0103 nu exist\u0103 contraindica\u021bii sau al\u021bi factori de risc.<\/p>\n<h2 class=\"mb-0\"><span class=\"green\"><a href=\"https:\/\/www.skinmedspa.ro\/15-motive-pentru-care-sa-alegi-skin-medspa\/\">De ce sa alegi <\/a><\/span>\u00a0PERFECT BODY Tg-Jiu ?<\/h2>\n<ul class=\"mb-10\">\n<li>personal instruit in domeniu<\/li>\n<li>echipamente originale, de tip linie de ? sau premium<\/li>\n<li>investim constant astfel \u00eenc\u00e2t la noi s\u0103 beneficiezi de cel mai recent model de echipament ap\u0103rut \u00een lume<\/li>\n<li>suntem obseda\u021bi de rezultate \u0219i ne str\u0103duim permanent s\u0103 le optimiz\u0103m<\/li>\n<li>atmosfer\u0103 cald\u0103 &amp; atitudine prietenoas\u0103<\/li>\n<li>protocoale de tratament, special concepute pentru siguran\u021ba ta<\/li>\n<li>nu facem rabat la calitatea consumabilelor<\/li>\n<\/ul>\n<p>*Rezultatele pot varia, \u00een func\u021bie de caracteristicile individuale \u0219i de stilul de via\u021b\u0103 al fiec\u0103rui pacient sau paciente \u00een parte.<\/p>\n<p>Rezerv\u0103-\u021bi tratamentul de tonifiere a\u00a0<b>abdomenului<\/b>\u00a0\u0219i a\u00a0<b>feselor<\/b> \u00een salonul Perfect Body Tg-Jiu! Pentru orice detalii ne po\u021bi contacta la tel. 0785757809<\/p>\n<p class=\"rezultate\">*Pentru orice \u00eentrebare, nel\u0103murire sau problem\u0103, nu ezita s\u0103 ne contactezi la num\u0103rul 0785757809 .<\/p>\n<\/div>\n<\/div>\n<p>&nbsp;<\/p>\n<p>&nbsp;<\/p>\n<p>&nbsp;<\/p>\n<h3 style=\"text-align: center;\"><\/h3>\n<p>&nbsp;<\/p>\n","protected":false},"excerpt":{"rendered":"<p>&nbsp; Transforma-ti\u00a0 gr\u0103simea nedorit\u0103 de pe abdomen sau fese in masa muscular\u0103 f\u0103r\u0103 efort, \u00een doar 4 \u0219edin\u021be cu ajutorul dispozitivului EMS Slim! Un protocol de<span class=\"excerpt-hellip\"> [\u2026]<\/span><\/p>\n","protected":false},"author":2,"featured_media":0,"parent":0,"menu_order":0,"comment_status":"closed","ping_status":"closed","template":"","meta":[],"_links":{"self":[{"href":"https:\/\/perfectbody.ro\/index.php\/wp-json\/wp\/v2\/pages\/255"}],"collection":[{"href":"https:\/\/perfectbody.ro\/index.php\/wp-json\/wp\/v2\/pages"}],"about":[{"href":"https:\/\/perfectbody.ro\/index.php\/wp-json\/wp\/v2\/types\/page"}],"author":[{"embeddable":true,"href":"https:\/\/perfectbody.ro\/index.php\/wp-json\/wp\/v2\/users\/2"}],"replies":[{"embeddable":true,"href":"https:\/\/perfectbody.ro\/index.php\/wp-json\/wp\/v2\/comments?post=255"}],"version-history":[{"count":8,"href":"https:\/\/perfectbody.ro\/index.php\/wp-json\/wp\/v2\/pages\/255\/revisions"}],"predecessor-version":[{"id":343,"href":"https:\/\/perfectbody.ro\/index.php\/wp-json\/wp\/v2\/pages\/255\/revisions\/343"}],"wp:attachment":[{"href":"https:\/\/perfectbody.ro\/index.php\/wp-json\/wp\/v2\/media?parent=255"}],"curies":[{"name":"wp","href":"https:\/\/api.w.org\/{rel}","templated":true}]}}